{"id":1566,"date":"2022-07-12T10:41:30","date_gmt":"2022-07-12T10:41:30","guid":{"rendered":"https:\/\/siloal.dashboards.pt\/?page_id=1566"},"modified":"2022-07-12T10:55:50","modified_gmt":"2022-07-12T10:55:50","slug":"missao-valores","status":"publish","type":"page","link":"https:\/\/siloal.dashboards.pt\/?page_id=1566","title":{"rendered":"Miss\u00e3o\/Valores"},"content":{"rendered":"<div class=\"fusion-fullwidth fullwidth-box fusion-builder-row-1 fusion-flex-container nonhundred-percent-fullwidth non-hundred-percent-height-scrolling\" style=\"background-color: rgba(255,255,255,0);background-position: center center;background-repeat: no-repeat;border-width: 0px 0px 0px 0px;border-color:var(--awb-color2);border-style:solid;\" ><div class=\"fusion-builder-row fusion-row fusion-flex-align-items-flex-start\" style=\"max-width:1289.6px;margin-left: calc(-4% \/ 2 );margin-right: calc(-4% \/ 2 );\"><div class=\"fusion-layout-column fusion_builder_column fusion-builder-column-0 fusion_builder_column_1_1 1_1 fusion-flex-column\"><div class=\"fusion-column-wrapper fusion-flex-justify-content-flex-start fusion-content-layout-column\" style=\"background-position:left top;background-repeat:no-repeat;-webkit-background-size:cover;-moz-background-size:cover;-o-background-size:cover;background-size:cover;padding: 0px 0px 0px 0px;\"><div class=\"fusion-text fusion-text-1\"><h2 style=\"color: #b57e09;\">Os valores e a miss\u00e3o da Siloal<\/h2>\n<p><b style=\"background-color: rgba(255, 255, 255, 0); color: var(--body_typography-color); font-family: var(--body_typography-font-family); font-size: var(--body_typography-font-size); font-style: var(--body_typography-font-style,normal); letter-spacing: var(--body_typography-letter-spacing);\"><span style=\"color: #000000;\"><span style=\"color: rgb(0, 0, 0);\">Os nossos valores baseiam-se no servi\u00e7o que prestamos, <\/span><span style=\"color: rgb(0, 0, 0);\">aliando qualidade e rapidez.<\/span><\/span><\/b><\/p>\n<p><b><i><span style=\"color: #000000;\">A nossa Miss\u00e3o consiste na disponibiliza\u00e7\u00e3o, a todas as entidades de sa\u00fade animal, de toda a gama de medicamentos, produtos de uso veterin\u00e1rio e nutri\u00e7\u00e3o animal, permitindo uma melhor op\u00e7\u00e3o com foco no bem-estar e sa\u00fade animal, tanto na esfera do animal de estima\u00e7\u00e3o como na do animal de produ\u00e7\u00e3o.<\/span><\/i><\/b><\/p>\n<\/div><\/div><style type=\"text\/css\">.fusion-body .fusion-builder-column-0{width:100% !important;margin-top : 0px;margin-bottom : 40px;}.fusion-builder-column-0 > .fusion-column-wrapper {padding-top : 0px !important;padding-right : 0px !important;margin-right : 1.92%;padding-bottom : 0px !important;padding-left : 0px !important;margin-left : 1.92%;}@media only screen and (max-width:1024px) {.fusion-body .fusion-builder-column-0{width:100% !important;order : 0;}.fusion-builder-column-0 > .fusion-column-wrapper {margin-right : 1.92%;margin-left : 1.92%;}}@media only screen and (max-width:640px) {.fusion-body .fusion-builder-column-0{width:100% !important;order : 0;}.fusion-builder-column-0 > .fusion-column-wrapper {margin-right : 1.92%;margin-left : 1.92%;}}<\/style><\/div><\/div><style type=\"text\/css\">.fusion-body .fusion-flex-container.fusion-builder-row-1{ padding-top : 0px;margin-top : 0px;padding-right : 0px;padding-bottom : 0px;margin-bottom : 0px;padding-left : 0px;}<\/style><\/div>\n","protected":false},"excerpt":{"rendered":"","protected":false},"author":1,"featured_media":0,"parent":0,"menu_order":0,"comment_status":"closed","ping_status":"closed","template":"","meta":{"footnotes":""},"class_list":["post-1566","page","type-page","status-publish","hentry"],"_links":{"self":[{"href":"https:\/\/siloal.dashboards.pt\/index.php?rest_route=\/wp\/v2\/pages\/1566","targetHints":{"allow":["GET"]}}],"collection":[{"href":"https:\/\/siloal.dashboards.pt\/index.php?rest_route=\/wp\/v2\/pages"}],"about":[{"href":"https:\/\/siloal.dashboards.pt\/index.php?rest_route=\/wp\/v2\/types\/page"}],"author":[{"embeddable":true,"href":"https:\/\/siloal.dashboards.pt\/index.php?rest_route=\/wp\/v2\/users\/1"}],"replies":[{"embeddable":true,"href":"https:\/\/siloal.dashboards.pt\/index.php?rest_route=%2Fwp%2Fv2%2Fcomments&post=1566"}],"version-history":[{"count":4,"href":"https:\/\/siloal.dashboards.pt\/index.php?rest_route=\/wp\/v2\/pages\/1566\/revisions"}],"predecessor-version":[{"id":1577,"href":"https:\/\/siloal.dashboards.pt\/index.php?rest_route=\/wp\/v2\/pages\/1566\/revisions\/1577"}],"wp:attachment":[{"href":"https:\/\/siloal.dashboards.pt\/index.php?rest_route=%2Fwp%2Fv2%2Fmedia&parent=1566"}],"curies":[{"name":"wp","href":"https:\/\/api.w.org\/{rel}","templated":true}]}}